73 - 56. Calculate the highest common divisor of 238 and o.
17
Let c = 40 - 38. What is the highest common divisor of c and 8?
2
Suppose 4*s - 117 + 33 = 0. What is the highest common divisor of s and 147?
21
Suppose -2*a + 0*v = -2*v - 126, 3*a + 4*v = 161. Suppose 2*r - a = 67. What is the greatest common factor of r and 9?
9
Suppose -4*a - 3*a = 210. Let t = -25 - a. What is the highest common divisor of t and 20?
5
Let p = 1 + -1. Suppose 0*n - 3*n + 7 = -4*s, p = -s - 4*n + 3. Let g = s + 29. What is the greatest common factor of 4 and g?
4
Let q be (-12)/(-7)*(-42)/(-4). Let k be 4/(-18) + (-3663)/(-81). What is the highest common factor of k and q?
9
Let w(x) = -x - 3. Let o(y) = y - 6. Let q be o(0). Let s be w(q). Let t be -1 + 9 - (2 - s). Calculate the greatest common divisor of 99 and t.
9
Let f be 107 - -1 - 1 - 0. Suppose 4*j = -3*r + 22, 2*r + j = -0*r + 8. Let s be f + 2*r/4. Calculate the greatest common factor of s and 12.
12
Let v = -186 + 395. Calculate the highest common factor of v and 19.
19
Suppose 5*a - 53 = 7. Suppose -2*r - 6 = -2*g, 4*r + a = 4*g + 5*r. What is the greatest common divisor of 9 and g?
3
Let n = 138 + -110. Calculate the greatest common factor of 126 and n.
14
Let o be 12*((-135)/20)/(-9). Calculate the greatest common factor of 9 and o.
9
Let z = -6 + 0. Let r(v) = -1 - 4 + v**2 + 0 + 4*v. Let f be r(z). Calculate the greatest common divisor of 63 and f.
7
Let l = -9 + 25. What is the greatest common factor of l and 8?
8
Suppose 0 = -4*k - k + 20. Suppose -20 = -k*u + 2*u. What is the highest common factor of u and 90?
10
Let y(k) = -k. Let o be y(-8). Let s = o - 4. What is the highest common factor of s and 28?
4
Let j(d) = -d**3 + 10*d**2 - 9*d + 3. Let g be j(9). Suppose 0 = 3*c - g*l - 27, 4*l + 12 = -2*c + 4*c. Calculate the highest common factor of 60 and c.
12
Let l = 39 + -23. Calculate the greatest common factor of l and 8.
8
Let h be (2 - 9)/(2/4). Let w = h + 28. Calculate the greatest common factor of w and 14.
14
Suppose 265 = -2*a + 3*a - 3*y, 0 = -2*a + 5*y + 525. What is the highest common factor of a and 25?
25
Let i be (-749)/(-9) + 8/(-36). Suppose -a - 27 + i = 0. Let g be (3 - 2)*(-1 + a). What is the greatest common divisor of g and 5?
5
Let y(u) = u**3. Let f(b) = -5*b**3 + b - 31. Let n(h) = -f(h) - 6*y(h). Let k be n(0). Calculate the highest common divisor of k and 279.
31
Let y(f) = -2*f. Let v be y(-7). What is the highest common divisor of v and 21?
7
Suppose 5*a - j = 19, -6 = -2*a + j + j. Suppose -2*t + 7*t = 60. Calculate the greatest common divisor of t and a.
4
Suppose -1025 = -5*n + 5*h, -2*n - 2*n = -h - 835. Calculate the highest common divisor of 28 and n.
14
Suppose -193 = -x - 3*m + m, -4*m = -2*x + 354. Calculate the highest common factor of x and 74.
37
Suppose 0 = 5*w - 2*r + r - 678, 4*w = 2*r + 540. Calculate the highest common divisor of w and 8.
8
Let n(w) be the first derivative of 3*w**4/4 - 2*w**3/3 - w + 1. Let l be n(2). What is the highest common factor of l and 60?
15
Suppose -3*i + 114 = -4*w, -3*i - 4*w + 3 + 87 = 0. What is the greatest common divisor of 17 and i?
17
Let g be (-138)/(-8) - (-1)/(-4). Suppose 3*b = 4*l + 2*b - 609, -3*b - 603 = -4*l. What is the greatest common factor of l and g?
17
Suppose -3*y = -6*y + 6. Suppose v = -v - y. Let j be (4 - 5)*(-4 - v). Calculate the highest common divisor of j and 33.
3
Suppose 2*u - 135 = -5*d - 2*u, 0 = 3*d + 3*u - 81. Calculate the greatest common factor of d and 18.
9
Suppose h - 3*t - 5 = 0, -3*h + 5*t - 3 = -30. Let k(z) = 16*z - 9. Let s be k(1). Calculate the highest common factor of s and h.
7
Suppose -4*g + 2*x = -18, -4*g + 5*x + 13 - 4 = 0. Let t be (-3)/((-3)/g*2). Suppose -64 = -t*w - w. Calculate the greatest common factor of 16 and w.
16
Suppose -20 = -3*x - 5*z, z - 3*z = 3*x - 26. Let g(m) = -m**2 - 18*m - 7. Let r be g(-16). Calculate the highest common factor of r and x.
5
Let u(b) = -b**2 + 20. Let p be u(0). What is the greatest common factor of 4 and p?
4
Suppose 8*s = 4*s - 12. Let r(u) = -u**3 - 3*u**2 - 3*u - 3. Let l be r(s). What is the highest common divisor of 18 and l?
6
Let d(l) = 31*l - 8. Let m be d(4). Let a(y) = -4*y**2 - 2*y + 4. Let u be a(4). Let n = u + m. Calculate the greatest common factor of n and 32.
16
Suppose o = -u + 25, 6*u + 75 = 4*o + 5*u. Suppose m - 40 = -4*m. What is the highest common divisor of o and m?
4
Let j(b) = b**2 + b + 42. Let m be j(0). What is the highest common divisor of 14 and m?
14
Let l(x) = -3 + 9*x + 5 + 0*x + 9*x. Let d be l(3). What is the greatest common divisor of d and 14?
14
Let y(u) = u**2 + 8*u. Let n be y(-8). Suppose n = 3*w - 50 - 22. Calculate the greatest common divisor of 6 and w.
6
Let h be (-4)/(3 - 5/1). Suppose 0 = -b - t - 1 + 21, -4*t = h*b - 48. What is the greatest common divisor of 128 and b?
16
Let b(z) = z**2 - 2*z. Let a be b(7). Let j(h) = -h + 10. Let t be j(5). Calculate the highest common divisor of a and t.
5
Suppose -5*s + 24 = -2*s. Let c(b) = -b**2 - 7*b - 3. Let x be c(-5). Suppose 2*z - 7 = 3*w, 3*w - x = 3*z - 19. What is the greatest common factor of w and s?
1
Let f be (39/(-4))/((-2)/8). Let n be (-14)/35 - 67/(-5). Calculate the highest common divisor of n and f.
13
Let y(g) = -g**3 - 3*g**2 + 7*g + 6. Let c be y(-5). Calculate the highest common factor of 3 and c.
3
Let g be ((-4)/(-6))/(4/84). Suppose 2*t = -2*t - 2*b + 4, 3*t = 4*b + g. What is the highest common divisor of 1 and t?
1
Let u(c) be the first derivative of c**2/2 + 4*c + 2. Let f be u(-6). Let a be 15*(23/5 - f). What is the greatest common factor of 9 and a?
9
Suppose -33 - 39 = -9*g. Let h(u) = u**3 - 2*u**2 + 3*u - 2. Let p be h(5). Calculate the greatest common divisor of g and p.
8
Let w(z) = z**2 + z + 8. Let o be w(0). Suppose 0*n + o = 4*n. Suppose -r - n*r + 60 = 0. Calculate the highest common factor of 10 and r.
10
Let i = 240 + -140. Calculate the highest common factor of i and 40.
20
Suppose 0 = 2*k - 4*k + 2*g + 52, 4*k = -4*g + 64. What is the highest common divisor of k and 14?
7
Suppose -2*u + 12 = u, 2*u = -3*r + 332. Calculate the greatest common divisor of r and 27.
27
Let g = 28 - 15. What is the highest common factor of g and 13?
13
Let p be 4/((-20)/(-9) + (-18)/81). Calculate the highest common factor of p and 5.
1
Let r be (-168)/15*(-8 + 2 - -1). Calculate the greatest common factor of r and 14.
14
Let l(y) = y**2 - y - 1. Let a be l(-2). Suppose a*g = 14 + 86. Let n be 111/3 - (-3 - 0). What is the greatest common divisor of n and g?
20
Suppose 2*h + 3*h = 20. Let j be (1 + -17)*(7 - 8). Calculate the highest common divisor of h and j.
4
Let w be (12/7)/(14/49). Let f = w + -4. Suppose 2*z = -4*j + 12, -4*z = 3*j - 12 - 2. What is the highest common factor of f and z?
2
Let j be 2838/(-44)*-3*6/27. What is the greatest common factor of j and 301?
43
Let w be 26 - (-6 + -3 + 3). Calculate the greatest common factor of w and 80.
16
Let m be (0 + -1)*2/(-2). Let o = 26 + -18. Calculate the highest common factor of o and m.
1
Let i be ((56/2)/4)/1. What is the greatest common factor of 63 and i?
7
Let v be 2/(-3) - (-39)/(-9). Let c be (6/(-8))/(v/(-280)). Let t be (32/(-6))/(4/c). Calculate the greatest common divisor of 7 and t.
7
Suppose o - 4*s = 58, 0*o - 5*s = -5*o + 230. Let u = -20 - -34. Calculate the greatest common factor of u and o.
14
Let y = 1 - 7. Let i be (-2)/y - (-250)/6. What is the greatest common factor of 6 and i?
6
Let o be 6/(-5) + (-5)/(-25). Let z be 6 + (-3 - 0/o). What is the highest common divisor of z and 12?
3
Let r = -40 + 148. Suppose 5*f + 2*z + 1 = 5, 4*z = -f - 10. Suppose h = -f*h + r. Calculate the greatest common divisor of h and 12.
12
Suppose -2*r = -4*r. Let a(t) be the third derivative of -t**5/60 + t**4/24 + 55*t**3/3 + t**2. Let w be a(r). Calculate the highest common divisor of 11 and w.
11
Let c be (-282)/(-5) + (-2)/5. Suppose -14 = -3*g + 2*g. Calculate the greatest common factor of g and c.
14
Let m(p) = 7*p - 1. Let k be m(6). Suppose -3*o - 4*j + 12 = -2*o, -5*o = j - k. Calculate the highest common divisor of 24 and o.
8
Let z(j) = -18*j**2 - 4*j - 4. Let p be z(4). Let h be (-13 - -10)*p/6. What is the greatest common divisor of h an